me number?
True
Let f be ((-14)/21)/(2/6). Let h be f/(12/(-9))*16. Let n = -17 + h. Is n a composite number?
False
Let h(b) = b**3 + b**2 - 10*b - 12. Let v be h(6). Let a be -1*3/((-3)/2). Suppose -5*o = 5*j - v, -a*o + o + 5*j + 18 = 0. Is o a composite number?
True
Let z = 30 - 15. Suppose -7*g = -2*g - z. Suppose n + g*n - 56 = 0. Is n a composite number?
True
Let x be (-80)/(-24) + (-2)/(-3). Suppose x*u - 2*g - 258 = 0, -2*g + 5 = 3*g. Is u a prime number?
False
Suppose -3*k = -2*o - 6, -1 = -5*k - 5*o + 9. Suppose -k = -g + 2. Is (1 - 0) + (214 - g) a prime number?
True
Let j = 13 + -8. Suppose -r + 2 = f, 2*f + 0*r + 5*r = -j. Is (-306)/(-10) - (-2)/f a prime number?
True
Let j = -1 + -3. Let g(m) = -2*m**3 - 3*m**2 + 6*m + 2. Is g(j) a prime number?
False
Let y = 283 + 166. Is y composite?
False
Suppose 4*l + 0*l = 0. Suppose 3*c - 8*c = l. Suppose c*a = 3*a - 27. Is a a composite number?
True
Suppose -6*k = -4*k + 5*f - 4096, 3*k - 6155 = -2*f. Is k prime?
True
Let f = -9 - -11. Suppose -f*o + 21 = -7. Is o composite?
True
Let s be 8/4 + 1 + 23. Suppose 3*q - 2 = -s. Is (-1194)/q - (-3)/(-12) prime?
True
Let a be 230/2 + 1 + -1. Suppose 3*f + 92 + a = 0. Let r = -32 - f. Is r a composite number?
False
Let m be (12/(-10))/(4/(-10)). Suppose 2*b - 76 = -2*b - 4*t, -2*b + m*t = -13. Is b a prime number?
False
Suppose 14 = 3*i - 10. Let r = i - 1. Is r composite?
False
Suppose 0 = -4*h + 6*n - 2*n + 1128, 5*h - n = 1390. Is h composite?
False
Let z(j) = -j**2 + 3*j + 2. Let l be z(3). Suppose -b - 61 = -l*b. Let r = b - 24. Is r composite?
False
Let p = 487 - 215. Suppose u - p = -3*b + 2*u, 4*b = -2*u + 346. Is b a composite number?
False
Suppose -5*n - 13 = -1233. Suppose 4*f - 3*f + 4 = 0, 2*f = u - n. Suppose 5*d = -3*o + 220 - 72, -5*o - 3*d + u = 0. Is o prime?
False
Suppose 0 = 5*s - 5*m - 99 - 11, -3*s + 4*m = -67. Is s a prime number?
False
Suppose -119 = -3*a + 3*i + 145, 181 = 2*a + 3*i. Suppose -589 = 5*y + k, y + 2*k + a + 36 = 0. Is ((-14)/3)/(6/y) a prime number?
False
Suppose 7 - 67 = 2*q - 3*d, -3*d + 114 = -4*q. Let u = q + 60. Is u a composite number?
True
Let s(p) = 7*p + 6*p + 0 + 5. Is s(6) composite?
False
Suppose 2*x - 2*r = -r + 1441, 3*r = -2*x + 1429. Is x a composite number?
False
Let z = -3 + 15. Suppose -11*j + z = -7*j. Is j composite?
False
Suppose -4*z - 9624 = -12*z. Is z a composite number?
True
Let m(s) = 20*s + 6. Is m(2) a composite number?
True
Let y = 1398 + 1013. Is y a prime number?
True
Suppose 3*x = -2*g - x + 4, 2*x = 3*g - 14. Suppose 556 = g*w - 504. Is w prime?
False
Suppose 11*x - 2*x - 1089 = 0. Is x prime?
False
Is (-24)/(-30) + 10844/20 a composite number?
True
Let w(s) = s**3 + 10*s**2 + 7*s - 5. Let d be w(-6). Suppose -8*o + d = -7*o. Is o a composite number?
False
Let w(h) = 6*h**3 - 6*h**2 - 12*h - 23. Is w(7) a composite number?
False
Let k = 44 + 299. Suppose -2*h - 3 = -3*h. Suppose 0*m + h*v + 227 = 2*m, -k = -3*m + 4*v. Is m composite?
True
Is (-6)/(-8) - 19*524/(-16) composite?
True
Let w(r) = 78*r**3 + 4*r**2 - 5*r + 1. Is w(2) a composite number?
False
Let r be (-1 + 0)*(-1 + -2). Suppose 5*c = o - 24, -c = r*o + 2*c - 126. Is o a prime number?
False
Let k(a) = -a**3 + a**2 - a + 1. Let g(y) = -y**2 + 4*y + 6. Let i be g(5). Let q be k(i). Is q - 5/((-5)/2) a composite number?
False
Suppose -5*a + 366 = 2*i - 3*a, a = 2*i - 351. Is i a composite number?
True
Let p = -8 - -15. Let j(d) = d**3 - 8*d**2 + 6*d + 4. Let s be j(7). Is -14*s/(6/p) a composite number?
True
Let m = 50 + 3. Is m prime?
True
Suppose 11*d - 9*d = 508. Is d composite?
True
Let q be (1/3)/(3/18). Let m be (-231)/(-12) - q/8. Suppose 0 = 4*w - x - 145, -w + 4*x + 6 = -m. Is w a prime number?
True
Let v(z) = z**3 - 7*z**2 + 7*z - 4. Let o be v(5). Let d = 44 + -44. Is (-1)/((1 - d)/o) a prime number?
True
Let o(n) be the third derivative of 4*n**4/3 + n**3/6 - 2*n**2. Is o(1) prime?
False
Suppose c - 12 = 40. Suppose -3*z - 95 = 4*i + c, -5*i - 5*z = 185. Let r = 50 + i. Is r a prime number?
False
Let h(j) = 179*j**2 - 2*j + 2. Is h(1) prime?
True
Let o(r) = -3*r - 8. Let q be o(-9). Suppose -6*b + 5*b = -q. Is b prime?
True
Suppose -5*s - n + 177 = 0, 0 = -4*s + 5*n + 151 - 21. Is s composite?
True
Suppose -4*x = -20, 5*x + 131 = q - 103. Is q prime?
False
Is (1/(-3))/((-1)/1554*2) composite?
True
Let k(i) = -2*i**2 + i + 2. Let h be k(2). Let t = h + 6. Suppose -3*d + 37 = -t*d. Is d a prime number?
True
Suppose 5*z + 5*q - 1150 = 0, -4*q + 455 = 2*z - q. Is z a composite number?
True
Is (166/(-4))/(2/(-4)) prime?
True
Suppose 134 = -2*a - 4*p + p, -4*p = a + 67. Let q = a - -114. Is q a composite number?
False
Let h(v) = 64*v**2 - 12*v - 17. Is h(6) prime?
False
Suppose 2 = b, -57 = y + b - 1210. Is y a composite number?
False
Is 132/8*296/12 composite?
True
Suppose 63 = d - 82. Let s = -86 + d. Is s composite?
False
Is 88164/30 + 2/10 prime?
True
Let v(a) = -a**2 - a. Let y(x) = 5*x**2 + x - 4. Let n(d) = -4*v(d) - y(d). Let z be n(-4). Is (-538)/(-8) + 6/z prime?
True
Suppose 4*s - i = 4 + 16, 16 = 5*s + i. Suppose 0*a + 3*t - 256 = s*a, -t + 256 = -4*a. Let w = 170 + a. Is w a prime number?
False
Let w = -20 - -58. Suppose -n + w = n. Is n composite?
False
Let z(r) be the second derivative of r**5/20 + 5*r**4/12 - 4*r**3/3 - 4*r**2 + 3*r. Let a be z(-6). Suppose -p = -a + 1. Is p a prime number?
True
Suppose 2*h = l - 127, 5*h - 9 = 2*h. Is l a composite number?
True
Let m(i) = 2*i**2 - 14*i + 10. Is m(9) a composite number?
True
Is -3*1/3*-3 - -1703 a prime number?
False
Suppose -w = -3*w. Suppose w*h - 4*h = -140. Is h prime?
False
Let l(u) = -16 - u + 0*u + 23 + 2*u. Let k be l(-4). Suppose 71 = 3*n - k*v - 34, 4*v + 78 = 2*n. Is n prime?
True
Let v be ((-1)/(-2))/((-3)/(-66)). Suppose -4*z + v = -3*x, 3*z - 3*x - 13 = -1. Is (z - -12)/((-5)/(-35)) prime?
False
Let v(h) = -5*h**2 - 4*h + 1. Suppose -2*m = -0*m + 12. Let u be v(m). Is u/(-2) + 6/(-12) a prime number?
False
Suppose 0 = -5*m - 5*k + 170, 0 = -0*k + 2*k. Let w = 10 - 3. Suppose -f + 4*s = w - m, -f + 7 = s. Is f a composite number?
False
Suppose -2*d + 43 = -5*t - 0*d, -3*t - 5*d = 32. Is (-2)/t - 1828/(-36) prime?
False
Let j = 107 - -104. Is j a prime number?
True
Let c be 7 + 4 + -8 + 0. Is (-2)/((18/(-417))/c) prime?
True
Suppose 5371 - 19103 = -4*k. Is k a composite number?
False
Suppose 2*n = 38 + 120. Is n a composite number?
False
Suppose v = -1, -g + 5*v - 2 + 7 = 0. Let m = 0 + g. Suppose -5*y - 208 - 61 = -2*b, -4*b + y + 511 = m. Is b a prime number?
True
Let i be 1/(3 - (-52)/(-18)). Is ((-531)/i)/((-1)/5) a composite number?
True
Let j = -208 - -651. Is j composite?
False
Let n = 119 - 71. Suppose 3*y + 15 = -n. Is (-216)/y - (-2)/(-7) composite?
True
Suppose 5*b = 264 + 791. Suppose 3*o - b = -73. Is o a composite number?
True
Let q = 1330 - -647. Is q a prime number?
False
Let i(m) = -59*m - 2. Is i(-5) a composite number?
False
Let m = -2 + 4. Suppose m*y - 3*y - q = -2, q = 4*y - 18. Is (y + -3 - -27)/2 prime?
False
Suppose 2*s - 72 = -8. Suppose -5*o + o = -s. Let h = 15 - o. Is h a composite number?
False
Let t(f) = f**3 - 7*f**2 - 3*f + 4. Let u be t(12). Suppose -4*x = 5*g - 773, 4*g - u = 3*x - 51. Is g composite?
False
Suppose 0*b - b + 5 = 0. Suppose -2*j - b*z = -2, -5*j + 34 = -3*z + z. Suppose -x + j*x - 395 = 0. Is x composite?
False
Let x be 27/5 + (-15)/(-25). Is -436*(1 - 9/x) prime?
False
Let z(m) = m + 2. Let h be z(6). Let p(j) be the third derivative of j**6/120 - j**5/10 - j**4/4 + 11*j**3/6 + 4*j**2. Is p(h) a prime number?
False
Suppose -2*j - 23 = -5*i - 4*j, 2*j + 4 = 4*i. Suppose -a = -5*a, i*t = 2*a + 12. Suppose 2*z = -t*q + 155 - 23, -3*q + z + 109 = 0. Is q a composite number?
True
Let p = -255 - -434. Is p prime?
True
Suppose 6*f = 2014 + 644. Is f composite?
False
Let z(u) = 5*u - 14. Let g be z(3). Let k be ((-3)/(-4))/((-2)/8). Is g/(1/k) + 146 composite?
True
Is 154 - ((2 - 0) + -3) a composite number?
True
Suppose -4*h + 7*h = 414. Let j be (-1)/3 - h/(-9). Is 4/10 + 1179/j prime?
True
Let f be -2 + 2 + 0 - -5. Suppose 2*x = 4*u + 3*x - 18, f*u + x - 23 = 0. Is 134/(-4)*(u - 7) composite?
False
Let p be 2/(-11) + 4/22. Suppose 39 = -p*f + 3*f + 3*s, -4*f = -3*s - 31. Is f a com